 -17*s - 24. Let o(d) = -3*d. Let k be o(6). Let w = s - k. Determine v(w).
5
Suppose 4*c - 4 = -4*a, c + 6 = -2*a + 3. Let o(t) be the first derivative of -t**2 + t + 61. What is o(a)?
9
Let s(t) be the first derivative of -t**3/3 + 6*t**2 - 4*t + 10. Let l be s(12). Let h(d) = d**3 + 3*d**2 - 2*d + 1. Calculate h(l).
-7
Let s(q) be the first derivative of -q**3/3 - q**2/2 + 713. Let m be (-1)/(-1) + 1/(-1). Calculate s(m).
0
Let i(p) = -p - 7. Let x(f) = 7*f**2. Let o be x(1). Let z = o + -13. Give i(z).
-1
Let t(w) = -w**3 + 6*w**2 - 5*w - 4. Let k = 3 - -7. Let u be (2*5)/(k/5). Suppose u*n = -0*n + 25. Calculate t(n).
-4
Suppose 5*t + 3*o = 0, 4 = -3*t - 5*o + 20. Let b(q) = 18*q**2 - 4*q + 1. Let c(v) = -18*v**2 + 5*v - 1. Let l(g) = t*b(g) - 2*c(g). Determine l(1).
-17
Suppose 28 = 9*n + 10. Suppose 4 - 10 = n*f. Let l(a) = a**3 + 4*a**2 + a + 4. What is l(f)?
10
Let q(k) be the third derivative of -k**5/60 + k**4/8 + 7*k**3/6 + 20*k**2. Give q(5).
-3
Suppose 4*k = -u - 23, 3*k + u + 5 = 2*k. Let l(s) = -s**2 - 8*s + 2. Let d be l(-8). Let i(p) = p**2 - 6*p - 2*p - 5 - d*p**2. Calculate i(k).
7
Let f(k) = k**3 - k**2 - 6*k + 3. Let h be f(2). Let q(p) = p + 2. Determine q(h).
-3
Suppose 2*b = -2*o - 12, 5*b - 3 + 28 = -4*o. Let m be (3/b)/((-2)/4). Let r(a) = -1. Let i(t) = -t - 2. Let u(v) = i(v) - 5*r(v). Determine u(m).
-3
Let r(n) = 8 + 9*n - 10 + 11 - 3*n**2 + 13*n**2 - 11*n**2. Give r(7).
23
Let l(p) = 3*p + 33. Let y(z) = 56*z + 267. Let d be y(-5). What is l(d)?
-6
Let i(j) = -3*j**3 + j**2 - 2*j. Let y be (0 + 5 - 7) + 15/5. Give i(y).
-4
Let n(g) = -g**2 - 10*g - 10. Suppose -21*m + 20*m = -9. Let k = -18 + m. Give n(k).
-1
Let f(a) = 2 - 7*a**3 + 4*a**3 + 3*a**2 + 4*a**3. Let y be f(-3). Let q(h) = -h**y + h**2 + 4*h**2 - h. Determine q(1).
3
Let l(d) = -3*d**3 + 5. Let b(a) = 2*a**3 + a**2 - 4. Let z(q) = 4*b(q) + 3*l(q). Let n(s) = s**3 - 4*s**2 - s + 1. Let t(i) = -2*n(i) - 3*z(i). Give t(2).
-3
Let v be (-27)/36*(0 + 4). Let h(t) = -t**2 - 7*t - 7. Determine h(v).
5
Let z(n) = 7 - 4353*n**2 - 6*n - 2*n + 4354*n**2. Let g = 2 - 1. Let f = g + 5. What is z(f)?
-5
Let h(f) be the first derivative of -f**5/60 - f**4/6 - f**2 - 6. Let g(z) be the second derivative of h(z). Determine g(-5).
-5
Let n(o) = o**3 - 6*o**2 + 5*o + 5. Let j be n(5). Let r be 34/6 + (-7)/(-21). Let x(v) = v**2 - r - 17*v + 12*v + 2. What is x(j)?
-4
Suppose 8*m = 4*m - a - 21, -4*m = -5*a + 39. Let v(l) = -l**2 - 7*l - 14. Give v(m).
-8
Let t(p) = 86 - 31 - 6*p - 6*p**2 - 34 - 27 + 4*p**2. Suppose -4*d = -8, 2*d - 11 = 2*g + 1. Calculate t(g).
-14
Let m(n) be the first derivative of 6*n**2 - 262. Let s(a) = a**2 - a - 1. Let j be s(2). Calculate m(j).
12
Let b(p) be the second derivative of 5/2*p**2 - 2/3*p**3 + 0 + 5*p - 1/12*p**4. Suppose 0 + 25 = -5*l. What is b(l)?
0
Let b(i) = 2*i - 3. Let m be -2*99/30 + 102/170. Give b(m).
-15
Let t(o) be the first derivative of -2*o**3/3 + 4*o**2 - 7*o - 258. What is t(5)?
-17
Let z(j) be the first derivative of 25*j**4/4 + 533. Determine z(1).
25
Let o(m) = 7*m**2 + 2*m. Let g(x) = 7*x**2 - 1. Let j(q) = 2*g(q) - 3*o(q). Let h(y) = -9*y**2 - 7*y - 3. Let t(i) = -3*h(i) + 4*j(i). Determine t(2).
-9
Let i(y) = 4*y**3 + y**2 - 3*y**3 + 3*y**3 + 2*y**2 + y. Let t(g) = -5*g**3 - 3*g**2 - g. Let u(b) = -4*i(b) - 3*t(b). Calculate u(-2).
-2
Let f(c) be the second derivative of c**5/20 + 5*c**4/12 - 3*c**3/2 - 3*c**2/2 + 35*c - 5. Give f(-6).
15
Let w be -4*(-12)/8*42/(-36). Let v(z) = -z**3 - 6*z**2 + 9*z + 1. What is v(w)?
-13
Let p be (3 - 2)/((0 - 1)/(-3)). Let n(w) = 2*w**2 - 4*w - 2. Calculate n(p).
4
Let k be 62/22 + ((-72)/(-33) - 2). Let d(c) = -4*c + k*c + 0*c. Calculate d(-6).
6
Suppose -n + 2 + 0 = 0. Suppose 3*s = 2*s + n. Let l(u) = -u**2 + 1. Determine l(s).
-3
Let d(p) = -3*p + 7. Let l(y) = y**3 - 12*y**2 + 2*y - 29. Let q be l(12). What is d(q)?
22
Let k = 5 + 11. Suppose k = 5*b - 2*c, c - 5*c = 5*b - 28. Let x(h) = h - 4. Calculate x(b).
0
Suppose -7*z = -2*z + 20. Let x(c) be the second derivative of -c**3/6 + c**2 - 19*c. Determine x(z).
6
Let n(g) = g**2 - g + 1. Let t(d) = 16*d**2 - 5*d + 5. Let p(m) = -4*n(m) + t(m). Let a(x) = -x + 1. Let z be a(0). Calculate p(z).
12
Let p(a) = 11*a**3 + a**2 + a. Let u(q) = 10 + 2*q + 7*q - q**2 - 19*q. Let t be u(-11). Determine p(t).
-11
Let v = -7 + 13. Let i(d) = 2*d**2 - v + 0*d - d + 1 - d**2. Let p(o) = o**2 + 11*o + 4. Let q be p(-11). Determine i(q).
7
Let d(g) be the third derivative of -g**5/60 + g**4/24 + 4*g**2. Let f(y) = -8*y**2 + 6*y + 4. Let j(b) = 10*d(b) - f(b). What is j(3)?
-10
Let c(y) = y**2 - 6*y - 77 + 0*y**2 + 72. Give c(4).
-13
Let y(x) = x**3 - 16*x**2 - x + 16. Let t be y(16). Suppose 2*r = -4*w + 10, -3*w + t*w + 24 = -4*r. Let q(c) = 8 + 5*c + 2*c - w*c. Give q(-6).
-10
Let r(f) = -f**3 + 10*f**2 - 7*f - 13. Let z be r(9). Let y = z - 0. Let t(m) = m**2 - 8*m + 5. What is t(y)?
-10
Let m be (-4)/(-6)*(-405)/(-18). Suppose -q + 3*s = m, -2*s = -2*q - 10 - 4. Let b(d) = -4 - 20*d + 10*d + 9*d. What is b(q)?
-1
Let n(k) = 6 - 4*k**2 + 0 - 783*k + 3*k**3 - 2*k**3 + 784*k - k**2. Give n(6).
48
Let i be 3/(-2)*(-5 - (3 - 6)). Let n(j) = -6*j**2 - j - 5*j**2 + 16*j**2 - 6*j**2 - 4. Give n(i).
-16
Let a(k) = 5*k**3 + 7*k**2 - k**2 - 4*k**3 - 9*k - 2*k**3 - 4 + 5. Calculate a(4).
-3
Let l = 77 - 79. Let w(t) = -t**3 + 4*t**2 + 2*t. Let u(p) = -6*p**3 + 20*p**2 + 10*p. Let k(y) = l*u(y) + 11*w(y). Give k(-3).
3
Let y(x) = 37*x + 40*x - 74*x - 3. What is y(2)?
3
Let f(b) = -b**2 - 5*b + 11. Suppose -2*i + 4*w - 12 = 2*w, -i - 5*w = 6. Determine f(i).
5
Suppose n + 15*d - 10*d - 5 = 0, d = 4*n - 20. Let g(j) = 2*j**2 - 5. Determine g(n).
45
Suppose 0 = 5*s - 32 - 3. Let n(y) = 0*y + y + 4 - s + 13. Determine n(-7).
3
Let j(o) = -o**3 - 7*o**2 + 4*o - 4. Let z(l) = 4*l**3 + 21*l**2 - 11*l + 12. Let i(u) = -7*j(u) - 2*z(u). Give i(5).
24
Let l(y) = 24*y - 1. Let r(c) = 22*c**2 - c - 1. Let s be r(1). Let q = s + -19. What is l(q)?
23
Suppose -3*g + 3*c - 11 = -5, 16 = 4*c. Let k(h) = 4 - 7*h + h**2 + 0 - g. Let m(t) = -t**2 + 10*t - 15. Let p be m(7). Calculate k(p).
-4
Let n(l) = 2*l**2 + 5*l + 6. Let j be n(-4). Let o = -203 + 218. Let b = j - o. Let h(c) = -2*c**2 + 4*c. What is h(b)?
-6
Suppose 0 = -3*q - 2*q + 55. Let a(w) = 3 + 6 + 0*w - w - q. Determine a(-4).
2
Let s(y) = -y**3 + 8*y**2 - 7*y - 5. Let v be s(7). Let p(j) be the first derivative of j**2/2 + j - 2160. Determine p(v).
-4
Suppose -118*b + 84 = -112*b. Let s(y) = y**3 - 15*y**2 + 16*y - 18. What is s(b)?
10
Suppose 2*c + 1 = a, 0 = a + 4*a - 5*c - 20. Let g(n) = -26 - n + 67 - 35. Let x be g(a). Let b(t) = -8*t**3 - t - 1. What is b(x)?
8
Suppose h = -0*h - 51. Let b = h - -47. Let i(r) = 2*r**3 - 7*r**2 - r + 1. Let u(s) = s**3 - s**2 - s + 1. Let o(w) = i(w) - 3*u(w). Give o(b).
-10
Let b(g) be the third derivative of -g**4/12 + g**3/6 - 58*g**2. Determine b(2).
-3
Let p(h) = h**3 - 4*h**2 + 3*h + 2. Let b(c) = -3*c + 19. Let r(o) = o**3 - 5*o**2 + 7*o - 7. Let y be r(4). Let z be b(y). Calculate p(z).
14
Let u(i) = 2*i + 9. Let w be u(-3). Let l(c) = -5 + 14*c - 21*c + 4*c**2 + c**2 + c**w. What is l(-6)?
1
Let y = 9 + -10. Let m = 0 - y. Let n(l) = l**2 + 1. Let t(u) = 3*u**2 - u - 2. Let x(g) = -2*n(g) - t(g). Calculate x(m).
-4
Let y(z) be the second derivative of -z**4/12 - 2*z**3 + 5*z**2/2 + 136*z. Determine y(-12).
5
Let p(w) = 4*w + 2. Let f(i) = -15*i - 9. Let m(g) = -2*f(g) - 9*p(g). Suppose -5*r = 4*y + 13, 4*y + 5 = -7*r + 10*r. Give m(r).
6
Let r(c) be the third derivative of c**5/60 - c**4/12 - c**3/2 + 5*c**2. Let a(n) = n**2 - n - 2. Let q(b) = 3*a(b) - 4*r(b). Let k = 73 - 67. What is q(k)?
0
Let i(m) = -m**2 + m - 2. Let r be (10/8 + 0)/((-19)/152). Let t be (3 - 2)/(5/r). What is i(t)?
-8
Let l(c) be the third derivative of 1/360*c**6 + 0*c + 0 + 0*c**3 + 1/60*c**5 + 7*c**2 + 5/24*c**4. Let h(u) be the second derivative of l(u). Determine h(2).
6
Suppose -44*n + 1241 = 29*n. Let g(r) = 3*r - 50. Give g(n).
1
Let k = 2 - -1. Suppose -k = 2*h - 9. Let w(q) = -q**h + 1 + q + 3*q**2 - 3*q + 2 - 2. What is w(2)?
1
Let l(t) = -2*t - 22. Let r = -916 + 904. Determine l(r).
2
Let v(f) = f**3 + f**2 + f - 6. Let x(i) = 2*i**3 + i**2 + 3*i - 13. Let o(h